 is the units digit of 238212?
2
What is the ten thousands digit of 5241931?
4
What is the thousands digit of 45602?
5
What is the units digit of 204788?
8
What is the hundreds digit of 1187026?
0
What is the millions digit of 1735212?
1
What is the ten thousands digit of 149013?
4
What is the thousands digit of 1523335?
3
What is the hundred thousands digit of 1949121?
9
What is the hundreds digit of 59594?
5
What is the units digit of 139600?
0
What is the tens digit of 81008?
0
What is the ten thousands digit of 28196?
2
What is the units digit of 313411?
1
What is the ten thousands digit of 6065901?
6
What is the units digit of 11527873?
3
What is the hundreds digit of 7857971?
9
What is the ten thousands digit of 7570226?
7
What is the thousands digit of 18203028?
3
What is the ten thousands digit of 90079?
9
What is the tens digit of 169323?
2
What is the hundreds digit of 8433609?
6
What is the units digit of 4773020?
0
What is the hundreds digit of 461481?
4
What is the thousands digit of 4888219?
8
What is the millions digit of 1039823?
1
What is the tens digit of 679418?
1
What is the hundred thousands digit of 15375396?
3
What is the thousands digit of 959483?
9
What is the units digit of 726576?
6
What is the tens digit of 1339304?
0
What is the thousands digit of 202849?
2
What is the hundred thousands digit of 237239?
2
What is the hundreds digit of 1269650?
6
What is the ten thousands digit of 9255691?
5
What is the hundreds digit of 79903?
9
What is the tens digit of 2762607?
0
What is the hundreds digit of 30496486?
4
What is the units digit of 64331?
1
What is the tens digit of 490564?
6
What is the hundreds digit of 23430071?
0
What is the units digit of 756278?
8
What is the hundreds digit of 6210948?
9
What is the units digit of 397066?
6
What is the thousands digit of 215109?
5
What is the units digit of 15411160?
0
What is the millions digit of 7011351?
7
What is the units digit of 5122191?
1
What is the hundred thousands digit of 325757?
3
What is the hundreds digit of 354129?
1
What is the thousands digit of 280020?
0
What is the thousands digit of 249002?
9
What is the thousands digit of 3594879?
4
What is the hundreds digit of 8442031?
0
What is the ten thousands digit of 799051?
9
What is the tens digit of 2960849?
4
What is the ten millions digit of 17492234?
1
What is the thousands digit of 4607?
4
What is the ten thousands digit of 5089512?
8
What is the millions digit of 17605892?
7
What is the hundreds digit of 1041523?
5
What is the ten thousands digit of 277205?
7
What is the ten thousands digit of 4570730?
7
What is the thousands digit of 35936798?
6
What is the tens digit of 76518?
1
What is the units digit of 36257?
7
What is the thousands digit of 208505?
8
What is the millions digit of 8381758?
8
What is the ten thousands digit of 16491829?
9
What is the hundreds digit of 19702?
7
What is the thousands digit of 7599238?
9
What is the hundred thousands digit of 3318457?
3
What is the hundred thousands digit of 1771274?
7
What is the hundred thousands digit of 231260?
2
What is the units digit of 268615?
5
What is the hundreds digit of 248805?
8
What is the ten thousands digit of 147541?
4
What is the hundred thousands digit of 7717192?
7
What is the ten thousands digit of 6832837?
3
What is the hundreds digit of 4716365?
3
What is the tens digit of 515214?
1
What is the hundred thousands digit of 31143480?
1
What is the hundreds digit of 114309?
3
What is the hundreds digit of 1381820?
8
What is the millions digit of 1119731?
1
What is the tens digit of 274087?
8
What is the hundred thousands digit of 789256?
7
What is the thousands digit of 1246472?
6
What is the tens digit of 3144562?
6
What is the units digit of 4095635?
5
What is the hundred thousands digit of 1285449?
2
What is the units digit of 2647263?
3
What is the hundreds digit of 1181128?
1
What is the ten thousands digit of 8317666?
1
What is the thousands digit of 251813?
1
What is the hundreds digit of 565707?
7
What is the tens digit of 1085717?
1
What is the thousands digit of 323183?
3
What is the hundreds digit of 1008482?
4
What is the hundreds digit of 20909320?
3
What is the tens digit of 1059923?
2
What is the thousands digit of 10899345?
9
What is the hundred thousands digit of 3644394?
6
What is the hundreds digit of 2335467?
4
What is the ten thousands digit of 116469?
1
What is the tens digit of 311387?
8
What is the units digit of 12046145?
5
What is the ten thousands digit of 90784?
9
What is the tens digit of 6755653?
5
What is the units digit of 44430?
0
What is the hundreds digit of 17357718?
7
What is the hundreds digit of 328047?
0
What is the units digit of 201503?
3
What is the units digit of 251337?
7
What is the hundred thousands digit of 1568087?
5
What is the thousands digit of 2671510?
1
What is the hundred thousands digit of 191310?
1
What is the units digit of 12841769?
9
What is the hundred thousands digit of 9742360?
7
What is the tens digit of 142912?
1
What is the ten thousands digit of 23328378?
2
What is the units digit of 1010064?
4
What is the hundreds digit of 1384972?
9
What is the thousands digit of 4714?
4
What is the hundred thousands digit of 16918386?
9
What is the ten millions digit of 29635012?
2
What is the tens digit of 19509017?
1
What is the thousands digit of 2374729?
4
What is the units digit of 20029?
9
What is the tens digit of 18295762?
6
What is the thousands digit of 2164788?
4
What is the hundred thousands digit of 5850817?
8
What is the hundreds digit of 319534?
5
What is the hundreds digit of 2505731?
7
What is the ten thousands digit of 955399?
5
What is the thousands digit of 56020?
6
What is the units digit of 12388020?
0
What is the tens digit of 26838174?
7
What is the millions digit of 34939048?
4
What is the units digit of 14999186?
6
What is the hundred thousands digit of 118659?
1
What is the ten thousands digit of 5117352?
1
What is the thousands digit of 197087?
7
What is the tens digit of 14275?
7
What is the hundreds digit of 771995?
9
What is the tens digit of 296523?
2
What is the ten thousands digit of 1309951?
0
What is the thousands digit of 400861?
0
What is the tens digit of 327437?
3
What is the millions digit of 2844765?
2
What is the hundred thousands digit of 143610?
1
What is the thousands digit of 329396?
9
What is the units digit of 17705693?
3
What is the hundreds digit of 36176?
1
What is the tens digit of 77296?
9
What is the units digit of 15018451?
1
What is the tens digit of 104359?
5
What is the hundred thousands digit of 366900?
3
What is the ten thousands digit of 12944384?
4
What is the ten thousands digit of 5238474?
3
What is the units digit of 766395?
5
What is the hundreds digit of 683475?
4
What is the units digit of 236918?
8
What is the hundreds digit of 1326861?
8
What is the ten thousands digit of 6230181?
3
What is the thousands digit of 220250?
0
What is the ten thousands digit of 627021?
2
What is the units digit of 359364?
4
What is the hundreds digit of 1930585?
5
What is the tens digit of 15437072?
7
What is the tens digit of 133976?
7
What is the hundreds digit of 200695?
6
What is the thousands digit of 688712?
8
What is the thousands digit of 8964738?
4
What is the ten thousands digit of 2632325?
3
What is the hundreds digit of 746964?
9
What is the units digit of 934689?
9
What is the ten millions digit of 10320049?
1
What is the ten thousands digit of 3826943?
2
What is the hundred thousands digit of 407512?
4
What is the ten thousands digit of 101301?
0
What is the ten thousands digit of 12220934?
2
What is the hundred thousands digit of 1059390?
0
What is the hundred thousands digit of 347897?
3
What is the tens digit of 27044726?
2
What is the ten thousands digit of 444574?
4
What is the units digit of 359785?
5
What is the hundred thousands digit of 11052433?
0
What is the ten thousands digit of 267993?
6
What is the millions digit of 5935826?
5
What is the hundreds digit of 1163401?
4
What is the ten thousands digit of 73574?
7
What is the hundreds digit of 128375?
3
What is the hundred thousands digit of 3940960?
9
What is the tens digit of 1735932?
3
What is the hundreds digit of 267979?
9
What is the units digit o